 h.
21
Let i = -150 - -236. Suppose 77*d = 75*d + i. What is the remainder when 214 is divided by d?
42
Suppose -276 = -7*d + 4*d. Calculate the remainder when d is divided by 31.
30
Suppose 5*x = 8*j - 3*j, 0 = 5*x + 2*j - 21. Calculate the remainder when 120 is divided by x.
0
Suppose 5*m + 120 = 5*w, 0 = w - 4*w - 4*m + 51. Let o(x) = 2*x - 17. Calculate the remainder when o(w) is divided by 11.
3
Let i(v) = -2*v**2 + 4*v + 1. Let b be i(3). Calculate the remainder when 54 is divided by (-2)/b - 279/(-15).
16
Let g be 2 - 2*4/8. Let m(h) = 13*h**2 - 1. What is the remainder when m(-1) is divided by 1*10 - (g - -1)?
4
Let v(j) be the second derivative of -j**3/2 - 2*j**2 - 3*j. Calculate the remainder when v(-13) is divided by 12.
11
Suppose 486 = 2*q + 146. Suppose -3*s = -2*b + 3*b - q, s = 1. Calculate the remainder when b is divided by 21.
20
Let b = -108 - -243. Suppose l + 2*l = 3*w - b, -5*w - 5*l + 245 = 0. Calculate the remainder when w is divided by 10.
7
Let l be (12 + 2 + -5)/1. Suppose -4*f = -4*w + 48, 6*f - 3*f = -l. Calculate the remainder when 51 is divided by w.
6
Let m be ((-13)/(-26))/(1/4). Suppose -m*s = 4*c - 0*s - 90, -3*c + 5*s + 87 = 0. Calculate the remainder when 10 is divided by 1/(-4)*c/(-2).
1
Suppose 14*o + 4*w - 118 = 12*o, 3*w - 226 = -4*o. What is the remainder when o is divided by 14?
13
Let o be (1 + 0)/((-7)/(-28)). Suppose 2*w = o*i + w - 389, -2*i = -3*w - 187. Calculate the remainder when i is divided by 33.
32
Let z(s) = s**3 + 3*s**2 - s + 4. Let o be z(-3). Let c = o + 27. What is the remainder when 0/1 + c + 3 is divided by 19?
18
Let n(k) = k**3 - 15*k**2 - 15*k - 12. Let x be n(16). Suppose 14*t - 800 = x*t. Calculate the remainder when t is divided by 42.
38
Calculate the remainder when 1/((-3)/16260*-10) is divided by 39.
35
Let g be (-4 + 16/5)*-45. Let f = -9 + g. Calculate the remainder when f is divided by 15.
12
Let z be -2*(36/(-8) - -2). Let b = z - -23. Suppose 2*v + 4*u + 23 = 67, -4*v + 4*u + b = 0. What is the remainder when 45 is divided by v?
9
Suppose g - 30 = 6*g. Let q(z) = z**3 - 9*z**2 + 52*z - 579. What is the remainder when q(10) is divided by (-3)/g - (-27)/2?
13
Let m(d) = d**3 - 7*d**2 - 2*d + 16. Let p be m(7). Suppose 184 = 2*y + 2*z, 3*y + 7*z - 270 = p*z. Calculate the remainder when y is divided by 24.
23
Suppose -k = 4*g - 8 - 0, -3*g + 6 = k. Let f = -58 - -62. Suppose -3*h + f = -5. What is the remainder when h is divided by g?
1
Calculate the remainder when (2 - 33)*(-1692)/47 is divided by 14.
10
Suppose z - 3*z = -3*a + 413, 4*z - 524 = -4*a. Suppose a + 470 = 5*u. What is the remainder when u is divided by 31?
28
Let l = 4869 - 4838. Calculate the remainder when 116/(-5)*(-3 + -2) is divided by l.
23
Let d be (15/(-18))/((-1)/6). Suppose -d*t = -0*t. Suppose 4*c + 5*g - 39 = t, 3*g + 85 - 6 = 4*c. Calculate the remainder when 31 is divided by c.
15
Suppose 52*f - 409 = 2451. Calculate the remainder when 219 is divided by f.
54
What is the remainder when 149 is divided by 251/5 + (-8)/40?
49
Let l(j) = j**2 - 11*j + 67. Let q = -26 - -58. Let z = q + -12. Calculate the remainder when l(7) is divided by z.
19
Let v(s) = 20*s**2 - 4*s - 3. Suppose 5*o = -2*c + 66, 1131 = 5*c - 4*o + 867. What is the remainder when v(-3) is divided by c?
45
Let j(d) = 16*d**2 + 241*d - 7. Calculate the remainder when j(5) is divided by 32.
30
Let g(u) be the third derivative of u**4/24 + 5*u**3/2 - 7*u**2. What is the remainder when g(20) is divided by 9?
8
Suppose 4*k - y + 4*y + 41 = 0, 4*k + 2*y + 46 = 0. Let s = 3 - k. Calculate the remainder when 65/4*-1*-4 is divided by s.
14
Suppose 16 = 4*p, 4*p = w - 0*p + 84. What is the remainder when 69 is divided by -2*14/(-8)*w/(-17)?
13
Let j(d) = -d + 4*d + 11*d + 6. What is the remainder when 93 is divided by j(3)?
45
Let m(s) = 12*s**2 + 10*s - 4. What is the remainder when m(5) is divided by 12?
10
What is the remainder when 6/(-15)*22*-5 is divided by 16?
12
Suppose -3*j + 6 = 2*t + j, -2*j = -t + 15. Suppose -5*v + 0*v = -20. Suppose -7*m + 5*m = -v. What is the remainder when t is divided by m?
1
Let w(h) = -5*h**3 - 9*h - 10*h**2 - 4*h**3 + 8*h**3 + 2. What is the remainder when 5 is divided by w(-9)?
1
Suppose -5*x - 40 = 5*l, -4*l + 3 = -3*x + 14. What is the remainder when 17 is divided by ((-1)/x)/((-14)/(-210))?
2
Let q = 13 - 11. Let w be (-2 + -6)/(q/(-4)). Suppose 0 = r + m - 16, -3*m - w = -r - m. Calculate the remainder when 45 is divided by r.
13
Let r(n) = -17*n + 9*n + 8 - 6*n**2 + 5*n. Let x(b) = 5*b**2 + 3*b - 7. Let q(s) = -6*r(s) - 7*x(s). Calculate the remainder when q(4) is divided by 3.
2
Let a(y) = 7*y**2 + 14*y + 24. Calculate the remainder when a(-3) is divided by 16.
13
Let o(g) = -5*g - 55. Calculate the remainder when 313 is divided by o(-20).
43
Suppose 4*n - 4*o - 3936 = 0, -5*n + 2*o = -o - 4928. Calculate the remainder when n is divided by 90.
88
Suppose 0 = -6*l + 262 + 296. Suppose -4*u + 3*g + 114 = 5*g, 0 = u - 2*g - 36. Suppose 3*f - u = 42. What is the remainder when l is divided by f?
21
Suppose 11 = 5*t + 6. Let g(f) = 4*f + 8. What is the remainder when 69 is divided by g(t)?
9
Let w be (-151)/(-9) - (-2)/9. Let z = -11 + w. Calculate the remainder when (-496)/(-12)*z/4 is divided by 16.
14
Let x be (-2)/9 + (-470)/(-9). Let q = -28 + x. Suppose -5*y = -6*u + 5*u - 228, 0 = u - 2. What is the remainder when y is divided by q?
22
Let m = 28 + -25. Calculate the remainder when 61 is divided by (0 + m)/((-3)/(-16)).
13
Let t be (-30)/75 - 178/5. Let d be (-120)/t*18/4. What is the remainder when 57 is divided by (6/4)/(d/290)?
28
Suppose 6*n + 380 + 220 = 0. What is the remainder when 22 is divided by (-1)/(n/48 + 2)?
10
Let i(v) = v**2 - 4*v - 1. Let r be i(5). Suppose h + r*h - 95 = 0. Calculate the remainder when ((-550)/(-30))/((-1)/(-3)) is divided by h.
17
Let a = -8 + 11. Suppose a*r + 39 = 4*r - 4*t, r + 5*t = -6. Let j = 10 + r. Calculate the remainder when j is divided by 8.
5
Let o = -761 - -768. What is the remainder when o is divided by 4?
3
Suppose 0*j = -5*j + 200. Let m = 237 + -218. Suppose -m*l + 90 = -4*l. What is the remainder when j is divided by l?
4
Let i = 10 + 5. Let m = -15 + i. Let x = 25 - m. What is the remainder when x is divided by 13?
12
Let w(x) = 35*x + 4. Suppose 0 = -u - 2*m + 21, -10*u - 4*m = -14*u + 120. Calculate the remainder when w(6) is divided by u.
25
Suppose 0 = 2*h - 3*h + 24. Suppose -4*j + j - 33 = 0. Let x = h + j. What is the remainder when x is divided by 8?
5
Let k be 9 + (-4 - 9/(-3)). Suppose -k*b + 4*b = -4. Suppose -s + 13 = b. Calculate the remainder when s is divided by 5.
2
Let j = 285 + -114. Suppose 14*c = 11*c + j. What is the remainder when c is divided by 15?
12
Suppose 216 = k + 7*k. Calculate the remainder when 51 is divided by k.
24
Suppose -5*p - 59 - 21 = 0. Let j(f) = -8*f - 5. Calculate the remainder when j(-8) is divided by -10*(-3 - 0 - 24/p).
14
Suppose -4*g = -5*i - g + 19, 3*g = 3*i - 15. Suppose 4*s = -i*t + 446, 4*s + t = 527 - 76. What is the remainder when s is divided by 29?
27
Let h be (-1 + -2 - -1)/(-2) - -2. What is the remainder when 109 is divided by (h + (14 - 1))*(-21)/(-12)?
25
Let b(i) = 10*i**2 - 1. Let w be b(2). Suppose -2*d - 3*n = -2, 5*d - 4*n + 3*n = w. What is the remainder when (-4 + 1)*13/(-1) is divided by d?
4
Suppose 4*w = 65 + 123. Calculate the remainder when 149 is divided by w.
8
Let a(d) = -d + 12. Let p be (-23)/4 - 21/(-28). Let x be ((-2)/p)/(11/220). What is the remainder when 7 is divided by a(x)?
3
Let c(b) be the third derivative of 5*b**2 + 0 + 1/60*b**5 + 7/60*b**6 + 0*b + 1/6*b**3 - 1/12*b**4. What is the remainder when c(1) is divided by 5?
4
Suppose u = k - 0*k + 9, 0 = 4*u + k - 16. Suppose 5*z = -5, u*s + 3*z + 14 - 61 = 0. What is the remainder when 68 is divided by s?
8
What is the remainder when 48 is divided by (-67 - -101) + 6/(-2)?
17
Suppose -3*m + 68 = -m. Let b = m + 26. Suppose -20 = 5*j, -5*a + 5*j + 435 = 310. Calculate the remainder when b is divided by a.
18
Suppose -4*k = 9*k + 871. Let b = k - -83. What is the remainder when 42 is divided by b?
10
Let j be ((-1)/1)/(8/(-472)). Let z = j - 17. Calculate the remainder when 124 is divided by z.
40
S